{"id":455,"date":"2022-02-10T13:01:55","date_gmt":"2022-02-10T13:01:55","guid":{"rendered":"https:\/\/motivoweb.com\/zad\/?page_id=455"},"modified":"2024-08-23T02:50:27","modified_gmt":"2024-08-23T02:50:27","slug":"nuestros_sindicatos","status":"publish","type":"page","link":"https:\/\/cmtm.com.mx\/index.php\/nuestros_sindicatos\/","title":{"rendered":"Nuestros sindicatos"},"content":{"rendered":"\t\t<div data-elementor-type=\"wp-page\" data-elementor-id=\"455\" class=\"elementor elementor-455\">\n\t\t\t\t\t\t<section class=\"elementor-section elementor-top-section elementor-element elementor-element-1e34ea9 elementor-section-boxed elementor-section-height-default elementor-section-height-default\" data-id=\"1e34ea9\" data-element_type=\"section\">\n\t\t\t\t\t\t<div class=\"elementor-container elementor-column-gap-default\">\n\t\t\t\t\t<div class=\"elementor-column elementor-col-100 elementor-top-column elementor-element elementor-element-2ad23a9\" data-id=\"2ad23a9\" data-element_type=\"column\">\n\t\t\t<div class=\"elementor-widget-wrap elementor-element-populated\">\n\t\t\t\t\t\t<section class=\"elementor-section elementor-inner-section elementor-element elementor-element-50ed0ac elementor-section-boxed elementor-section-height-default elementor-section-height-default\" data-id=\"50ed0ac\" data-element_type=\"section\">\n\t\t\t\t\t\t<div class=\"elementor-container elementor-column-gap-default\">\n\t\t\t\t\t<div class=\"elementor-column elementor-col-100 elementor-inner-column elementor-element elementor-element-4169647\" data-id=\"4169647\" data-element_type=\"column\">\n\t\t\t<div class=\"elementor-widget-wrap elementor-element-populated\">\n\t\t\t\t\t\t<div class=\"elementor-element elementor-element-362f784 elementor-widget elementor-widget-mo-heading-block\" data-id=\"362f784\" data-element_type=\"widget\" data-widget_type=\"mo-heading-block.default\">\n\t\t\t\t<div class=\"elementor-widget-container\">\n\t\t\t\t\t<div class=\"mo-element-mo-heading-block mo-element\">   <div class=\"mo-title-box title-box-style-4 text-left\">\n      <div class=\"content-inner\">\n           \n                     <h3 class=\"title\">Nuestra fuerza radica en la gran Sinergia y compromiso que tenemos  en nuestro equipo de trabajo.<\/h3>\n                        <\/div>\n   <\/div>\n   <div class=\"clearfix\"><\/div><\/div>\t\t\t\t<\/div>\n\t\t\t\t<\/div>\n\t\t\t\t\t<\/div>\n\t\t<\/div>\n\t\t\t\t\t<\/div>\n\t\t<\/section>\n\t\t\t\t<section class=\"elementor-section elementor-inner-section elementor-element elementor-element-5781da4 elementor-section-boxed elementor-section-height-default elementor-section-height-default\" data-id=\"5781da4\" data-element_type=\"section\">\n\t\t\t\t\t\t<div class=\"elementor-container elementor-column-gap-default\">\n\t\t\t\t\t<div class=\"elementor-column elementor-col-25 elementor-inner-column elementor-element elementor-element-d720796\" data-id=\"d720796\" data-element_type=\"column\">\n\t\t\t<div class=\"elementor-widget-wrap elementor-element-populated\">\n\t\t\t\t\t\t<div class=\"elementor-element elementor-element-209ed3e elementor-widget elementor-widget-mo-teams\" data-id=\"209ed3e\" data-element_type=\"widget\" data-widget_type=\"mo-teams.default\">\n\t\t\t\t<div class=\"elementor-widget-container\">\n\t\t\t\t\t<div class=\"mo-element-mo-teams mo-element\"><div class=\"mo-team tpl3\">\n   <figure class=\"team-member\"> \n      <div class=\"team-img\"><img decoding=\"async\" src=\"https:\/\/cmtm.com.mx\/wp-content\/uploads\/2024\/06\/attachment-4-1.jpeg\" alt=\"Dr. en Der. Vicente Calvario.\"\/><div class=\"overlay\"><\/div><\/div>\n      <div class=\"team-social social-icons style1\">\n\n                              <a class=\"mo-team-icon\" href=\"#\" title=\"pinterest\"><i class=\"fa fa-pinterest\"><\/i><\/a>\n               <\/div>\n\n      <div class=\"team-title\">\n         <h5 class=\"data-title\" data-title=\"Dr. en Der. Vicente Calvario.\"><span>Dr. en Der. Vicente Calvario.<\/span><\/h5>\t\n          <h6>Secretario General de la Confederaci\u00f3n Multinacional de Trabajadores de M\u00e9xico. Secretario General del sindicato Nacional de la Industria de la Construcci\u00f3n. Egresado de la UNAM. Con m\u00e1s de 40 a\u00f1os de experiencia en Conflictos Colectivos y \u00a0L\u00edder\u00a0Sindical.<\/h6>      <\/div>\n   <\/figure>\n<\/div><\/div>\t\t\t\t<\/div>\n\t\t\t\t<\/div>\n\t\t\t\t<div class=\"elementor-element elementor-element-c52a7c7 elementor-widget elementor-widget-mo-teams\" data-id=\"c52a7c7\" data-element_type=\"widget\" data-widget_type=\"mo-teams.default\">\n\t\t\t\t<div class=\"elementor-widget-container\">\n\t\t\t\t\t<div class=\"mo-element-mo-teams mo-element\"><div class=\"mo-team tpl3\">\n   <figure class=\"team-member\"> \n      <div class=\"team-img\"><img decoding=\"async\" src=\"https:\/\/cmtm.com.mx\/wp-content\/uploads\/2024\/06\/attachment-1-1.jpeg\" alt=\"Mtra. en Der. Gabriela Arzate Clara\"\/><div class=\"overlay\"><\/div><\/div>\n      <div class=\"team-social social-icons style1\">\n\n                              <a class=\"mo-team-icon\" href=\"#\" title=\"pinterest\"><i class=\"fa fa-pinterest\"><\/i><\/a>\n               <\/div>\n\n      <div class=\"team-title\">\n         <h5 class=\"data-title\" data-title=\"Mtra. en Der. Gabriela Arzate Clara\"><span>Mtra. en Der. Gabriela Arzate Clara<\/span><\/h5>\t\n          <h6>Secretaria General del Sindicato Nacional Innovador. Egresada de la Universidad Tecnol\u00f3gica de M\u00e9xico. Con m\u00e1s de 20 a\u00f1os de experiencia.<\/h6>      <\/div>\n   <\/figure>\n<\/div><\/div>\t\t\t\t<\/div>\n\t\t\t\t<\/div>\n\t\t\t\t\t<\/div>\n\t\t<\/div>\n\t\t\t\t<div class=\"elementor-column elementor-col-25 elementor-inner-column elementor-element elementor-element-1377f28\" data-id=\"1377f28\" data-element_type=\"column\">\n\t\t\t<div class=\"elementor-widget-wrap elementor-element-populated\">\n\t\t\t\t\t\t<div class=\"elementor-element elementor-element-9e70929 elementor-widget elementor-widget-mo-teams\" data-id=\"9e70929\" data-element_type=\"widget\" data-widget_type=\"mo-teams.default\">\n\t\t\t\t<div class=\"elementor-widget-container\">\n\t\t\t\t\t<div class=\"mo-element-mo-teams mo-element\"><div class=\"mo-team tpl3\">\n   <figure class=\"team-member\"> \n      <div class=\"team-img\"><img decoding=\"async\" src=\"https:\/\/cmtm.com.mx\/wp-content\/uploads\/2024\/06\/attachment-5-1.jpeg\" alt=\"Lic. Jos\u00e9 Alfredo Sald\u00edvar Moreno.\"\/><div class=\"overlay\"><\/div><\/div>\n      <div class=\"team-social social-icons style1\">\n\n                              <a class=\"mo-team-icon\" href=\"#\" title=\"pinterest\"><i class=\"fa fa-pinterest\"><\/i><\/a>\n               <\/div>\n\n      <div class=\"team-title\">\n         <h5 class=\"data-title\" data-title=\"Lic. Jos\u00e9 Alfredo Sald\u00edvar Moreno.\"><span>Lic. Jos\u00e9 Alfredo Sald\u00edvar Moreno.<\/span><\/h5>\t\n          <h6>Secretario del Interior y de Organizaci\u00f3n de la Confederaci\u00f3n Multinacional de Trabajadores de M\u00e9xico. Egresado del Grupo Universitario Modelo, S.C. Con m\u00e1s de 40 a\u00f1os de experiencia en Conflictos Colectivos e Individuales y l\u00edder sindical<\/h6>      <\/div>\n   <\/figure>\n<\/div><\/div>\t\t\t\t<\/div>\n\t\t\t\t<\/div>\n\t\t\t\t<div class=\"elementor-element elementor-element-1d5efe3 elementor-widget elementor-widget-mo-teams\" data-id=\"1d5efe3\" data-element_type=\"widget\" data-widget_type=\"mo-teams.default\">\n\t\t\t\t<div class=\"elementor-widget-container\">\n\t\t\t\t\t<div class=\"mo-element-mo-teams mo-element\"><div class=\"mo-team tpl3\">\n   <figure class=\"team-member\"> \n      <div class=\"team-img\"><img decoding=\"async\" src=\"https:\/\/cmtm.com.mx\/wp-content\/uploads\/2024\/06\/attachment-2-1.jpeg\" alt=\"Lic. Cinthya Zullay Dominguez\"\/><div class=\"overlay\"><\/div><\/div>\n      <div class=\"team-social social-icons style1\">\n\n                              <a class=\"mo-team-icon\" href=\"#\" title=\"Facebook\"><i class=\"fa fa-facebook\"><\/i><\/a>\n                     <a class=\"mo-team-icon\" href=\"#\" title=\"Twitter\"><i class=\"fa fa-twitter\"><\/i><\/a>\n                     <a class=\"mo-team-icon\" href=\"#\" title=\"Instagram\"><i class=\"fa fa-instagram\"><\/i><\/a>\n                     <a class=\"mo-team-icon\" href=\"#\" title=\"pinterest\"><i class=\"fa fa-pinterest\"><\/i><\/a>\n               <\/div>\n\n      <div class=\"team-title\">\n         <h5 class=\"data-title\" data-title=\"Lic. Cinthya Zullay Dominguez\"><span>Lic. Cinthya Zullay Dominguez<\/span><\/h5>\t\n          <h6>Secretaria General del Sindicato de la Qu\u00edmica en General de la Rep\u00fablica Mexicana. Experta en procedimientos administrativos ante el Centro Federal de Conciliaci\u00f3n y Registro Federal.<\/h6>      <\/div>\n   <\/figure>\n<\/div><\/div>\t\t\t\t<\/div>\n\t\t\t\t<\/div>\n\t\t\t\t\t<\/div>\n\t\t<\/div>\n\t\t\t\t<div class=\"elementor-column elementor-col-25 elementor-inner-column elementor-element elementor-element-9989458\" data-id=\"9989458\" data-element_type=\"column\">\n\t\t\t<div class=\"elementor-widget-wrap elementor-element-populated\">\n\t\t\t\t\t\t<div class=\"elementor-element elementor-element-09cfbd1 elementor-widget elementor-widget-mo-teams\" data-id=\"09cfbd1\" data-element_type=\"widget\" data-widget_type=\"mo-teams.default\">\n\t\t\t\t<div class=\"elementor-widget-container\">\n\t\t\t\t\t<div class=\"mo-element-mo-teams mo-element\"><div class=\"mo-team tpl3\">\n   <figure class=\"team-member\"> \n      <div class=\"team-img\"><img decoding=\"async\" src=\"https:\/\/cmtm.com.mx\/wp-content\/uploads\/2024\/06\/Hugo.jpeg\" alt=\"Lic. Hugo Alejandro Calvario S\u00e1nchez.\"\/><div class=\"overlay\"><\/div><\/div>\n      <div class=\"team-social social-icons style1\">\n\n                              <a class=\"mo-team-icon\" href=\"#\" title=\"Facebook\"><i class=\"fa fa-facebook\"><\/i><\/a>\n                     <a class=\"mo-team-icon\" href=\"#\" title=\"Twitter\"><i class=\"fa fa-twitter\"><\/i><\/a>\n                     <a class=\"mo-team-icon\" href=\"#\" title=\"Instagram\"><i class=\"fa fa-instagram\"><\/i><\/a>\n                     <a class=\"mo-team-icon\" href=\"#\" title=\"pinterest\"><i class=\"fa fa-pinterest\"><\/i><\/a>\n               <\/div>\n\n      <div class=\"team-title\">\n         <h5 class=\"data-title\" data-title=\"Lic. Hugo Alejandro Calvario S\u00e1nchez.\"><span>Lic. Hugo Alejandro Calvario S\u00e1nchez.<\/span><\/h5>\t\n          <h6>Secretario General del Sindicato Nacional de la Industria Automotriz Egresado de la Universidad Iberoamericana Con 20 a\u00f1os de experiencia como\u00a0L\u00edder\u00a0Sindical<\/h6>      <\/div>\n   <\/figure>\n<\/div><\/div>\t\t\t\t<\/div>\n\t\t\t\t<\/div>\n\t\t\t\t<div class=\"elementor-element elementor-element-ecec890 elementor-widget elementor-widget-mo-teams\" data-id=\"ecec890\" data-element_type=\"widget\" data-widget_type=\"mo-teams.default\">\n\t\t\t\t<div class=\"elementor-widget-container\">\n\t\t\t\t\t<div class=\"mo-element-mo-teams mo-element\"><div class=\"mo-team tpl3\">\n   <figure class=\"team-member\"> \n      <div class=\"team-img\"><img decoding=\"async\" src=\"https:\/\/cmtm.com.mx\/wp-content\/uploads\/2024\/08\/image.jpeg\" alt=\"Lic. Mauro Mel\u00e9ndez Vel\u00e1zquez\"\/><div class=\"overlay\"><\/div><\/div>\n      <div class=\"team-social social-icons style1\">\n\n                              <a class=\"mo-team-icon\" href=\"#\" title=\"pinterest\"><i class=\"fa fa-pinterest\"><\/i><\/a>\n               <\/div>\n\n      <div class=\"team-title\">\n         <h5 class=\"data-title\" data-title=\"Lic. Mauro Mel\u00e9ndez Vel\u00e1zquez\"><span>Lic. Mauro Mel\u00e9ndez Vel\u00e1zquez<\/span><\/h5>\t\n          <h6>Secretario General del Sindicato de Servicios y Comercio. Egresado de la Escuela Superior de Comercio y Administraci\u00f3n. Con m\u00e1s de 40 a\u00f1os de experiencia en Conflictos Colectivos e Individuales y l\u00edder <\/h6>      <\/div>\n   <\/figure>\n<\/div><\/div>\t\t\t\t<\/div>\n\t\t\t\t<\/div>\n\t\t\t\t\t<\/div>\n\t\t<\/div>\n\t\t\t\t<div class=\"elementor-column elementor-col-25 elementor-inner-column elementor-element elementor-element-dcf2099\" data-id=\"dcf2099\" data-element_type=\"column\">\n\t\t\t<div class=\"elementor-widget-wrap elementor-element-populated\">\n\t\t\t\t\t\t<div class=\"elementor-element elementor-element-bc17287 elementor-widget elementor-widget-mo-teams\" data-id=\"bc17287\" data-element_type=\"widget\" data-widget_type=\"mo-teams.default\">\n\t\t\t\t<div class=\"elementor-widget-container\">\n\t\t\t\t\t<div class=\"mo-element-mo-teams mo-element\"><div class=\"mo-team tpl3\">\n   <figure class=\"team-member\"> \n      <div class=\"team-img\"><img decoding=\"async\" src=\"https:\/\/cmtm.com.mx\/wp-content\/uploads\/2024\/06\/Frame-1.jpg\" alt=\"Dr. en Der. Mario Ballado Parra\"\/><div class=\"overlay\"><\/div><\/div>\n      <div class=\"team-social social-icons style1\">\n\n                              <a class=\"mo-team-icon\" href=\"#\" title=\"pinterest\"><i class=\"fa fa-pinterest\"><\/i><\/a>\n               <\/div>\n\n      <div class=\"team-title\">\n         <h5 class=\"data-title\" data-title=\"Dr. en Der. Mario Ballado Parra\"><span>Dr. en Der. Mario Ballado Parra<\/span><\/h5>\t\n          <h6>Secretario General del Sindicato Unificador de la Rep\u00fablica Mexicana Egresado de la Universidad An\u00e1huac. Con m\u00e1s de 40 a\u00f1os de experiencia en la Seguridad Privada.<\/h6>      <\/div>\n   <\/figure>\n<\/div><\/div>\t\t\t\t<\/div>\n\t\t\t\t<\/div>\n\t\t\t\t<div class=\"elementor-element elementor-element-c005a27 elementor-widget elementor-widget-mo-teams\" data-id=\"c005a27\" data-element_type=\"widget\" data-widget_type=\"mo-teams.default\">\n\t\t\t\t<div class=\"elementor-widget-container\">\n\t\t\t\t\t<div class=\"mo-element-mo-teams mo-element\"><div class=\"mo-team tpl3\">\n   <figure class=\"team-member\"> \n      <div class=\"team-img\"><img decoding=\"async\" src=\"https:\/\/cmtm.com.mx\/wp-content\/uploads\/2024\/06\/Rodrigo-01.jpeg\" alt=\"Lic. Rodrigo Sandoval N\u00fa\u00f1ez\"\/><div class=\"overlay\"><\/div><\/div>\n      <div class=\"team-social social-icons style1\">\n\n                              <a class=\"mo-team-icon\" href=\"#\" title=\"Facebook\"><i class=\"fa fa-facebook\"><\/i><\/a>\n                     <a class=\"mo-team-icon\" href=\"#\" title=\"Twitter\"><i class=\"fa fa-twitter\"><\/i><\/a>\n                     <a class=\"mo-team-icon\" href=\"#\" title=\"Instagram\"><i class=\"fa fa-instagram\"><\/i><\/a>\n                     <a class=\"mo-team-icon\" href=\"#\" title=\"pinterest\"><i class=\"fa fa-pinterest\"><\/i><\/a>\n               <\/div>\n\n      <div class=\"team-title\">\n         <h5 class=\"data-title\" data-title=\"Lic. Rodrigo Sandoval N\u00fa\u00f1ez\"><span>Lic. Rodrigo Sandoval N\u00fa\u00f1ez<\/span><\/h5>\t\n          <h6>Secretario General del Sindicato Nacional Alimenticio. Con 10 a\u00f1os de experiencia en Conflictos Colectivos e Individuales y l\u00edder sindical.<\/h6>      <\/div>\n   <\/figure>\n<\/div><\/div>\t\t\t\t<\/div>\n\t\t\t\t<\/div>\n\t\t\t\t\t<\/div>\n\t\t<\/div>\n\t\t\t\t\t<\/div>\n\t\t<\/section>\n\t\t\t\t\t<\/div>\n\t\t<\/div>\n\t\t\t\t\t<\/div>\n\t\t<\/section>\n\t\t\t\t<section class=\"elementor-section elementor-top-section elementor-element elementor-element-8afbb24 elementor-section-boxed elementor-section-height-default elementor-section-height-default\" data-id=\"8afbb24\" data-element_type=\"section\">\n\t\t\t\t\t\t<div class=\"elementor-container elementor-column-gap-default\">\n\t\t\t\t\t<div class=\"elementor-column elementor-col-100 elementor-top-column elementor-element elementor-element-dfe31f4\" data-id=\"dfe31f4\" data-element_type=\"column\">\n\t\t\t<div class=\"elementor-widget-wrap elementor-element-populated\">\n\t\t\t\t\t\t<section class=\"elementor-section elementor-inner-section elementor-element elementor-element-c0efe3c elementor-section-boxed elementor-section-height-default elementor-section-height-default\" data-id=\"c0efe3c\" data-element_type=\"section\">\n\t\t\t\t\t\t<div class=\"elementor-container elementor-column-gap-default\">\n\t\t\t\t\t<div class=\"elementor-column elementor-col-100 elementor-inner-column elementor-element elementor-element-1866f2c\" data-id=\"1866f2c\" data-element_type=\"column\">\n\t\t\t<div class=\"elementor-widget-wrap\">\n\t\t\t\t\t\t\t<\/div>\n\t\t<\/div>\n\t\t\t\t\t<\/div>\n\t\t<\/section>\n\t\t\t\t<section class=\"elementor-section elementor-inner-section elementor-element elementor-element-56bb611 elementor-section-boxed elementor-section-height-default elementor-section-height-default\" data-id=\"56bb611\" data-element_type=\"section\">\n\t\t\t\t\t\t<div class=\"elementor-container elementor-column-gap-default\">\n\t\t\t\t\t<div class=\"elementor-column elementor-col-50 elementor-inner-column elementor-element elementor-element-d76c4d3\" data-id=\"d76c4d3\" data-element_type=\"column\">\n\t\t\t<div class=\"elementor-widget-wrap elementor-element-populated\">\n\t\t\t\t\t\t<div class=\"elementor-element elementor-element-e021bcc elementor-widget elementor-widget-mo-heading-fancy mo-el-has-inner-anim\" data-id=\"e021bcc\" data-element_type=\"widget\" data-settings=\"{&quot;enable_split&quot;:&quot;true&quot;,&quot;split_type&quot;:&quot;words&quot;}\" data-widget_type=\"mo-heading-fancy.default\">\n\t\t\t\t<div class=\"elementor-widget-container\">\n\t\t\t\t\t<div class=\"mo-element-mo-heading-fancy mo-element\"><div id=\"mo-heading-fancy-69e73ad526baf\" class=\"mo-heading-fancy\">\n      <h3 class=\"mo-element elementor-heading-title mo-highlight-classic mo-split-words\"  data-ca-options='{\"triggerHandler\":\"inview\",\"animationTarget\":\".split-inner\",\"duration\":\"1200\",\"startDelay\":\"35\",\"delay\":\"120\",\"easing\":\"easeInQuad\",\"direction\":\"forward\",\"initValues\":{\"translateY\":16,\"opacity\":0},\"animations\":{\"translateY\":0,\"opacity\":1}}' data-split-text=\"true\" data-custom-animations=\"true\" data-fittext=\"true\" data-text-rotator=\"true\"> \u201cLa emancipaci\u00f3n de los trabajadores ser\u00e1 obra de los propios trabajadores\u201d, Karl Marx. <\/h3><\/div><\/div>\t\t\t\t<\/div>\n\t\t\t\t<\/div>\n\t\t\t\t<div class=\"elementor-element elementor-element-4df8caf elementor-widget elementor-widget-spacer\" data-id=\"4df8caf\" data-element_type=\"widget\" data-widget_type=\"spacer.default\">\n\t\t\t\t<div class=\"elementor-widget-container\">\n\t\t\t\t\t\t\t<div class=\"elementor-spacer\">\n\t\t\t<div class=\"elementor-spacer-inner\"><\/div>\n\t\t<\/div>\n\t\t\t\t\t\t<\/div>\n\t\t\t\t<\/div>\n\t\t\t\t\t<\/div>\n\t\t<\/div>\n\t\t\t\t<div class=\"elementor-column elementor-col-50 elementor-inner-column elementor-element elementor-element-4e6e0ba\" data-id=\"4e6e0ba\" data-element_type=\"column\">\n\t\t\t<div class=\"elementor-widget-wrap\">\n\t\t\t\t\t\t\t<\/div>\n\t\t<\/div>\n\t\t\t\t\t<\/div>\n\t\t<\/section>\n\t\t\t\t\t<\/div>\n\t\t<\/div>\n\t\t\t\t\t<\/div>\n\t\t<\/section>\n\t\t\t\t<section class=\"elementor-section elementor-top-section elementor-element elementor-element-b987379 no-padding-tablet elementor-section-stretched elementor-section-boxed elementor-section-height-default elementor-section-height-default\" data-id=\"b987379\" data-element_type=\"section\" data-settings=\"{&quot;background_background&quot;:&quot;classic&quot;,&quot;stretch_section&quot;:&quot;section-stretched&quot;}\">\n\t\t\t\t\t\t<div class=\"elementor-container elementor-column-gap-default\">\n\t\t\t\t\t<div class=\"elementor-column elementor-col-100 elementor-top-column elementor-element elementor-element-d65fe90\" data-id=\"d65fe90\" data-element_type=\"column\">\n\t\t\t<div class=\"elementor-widget-wrap elementor-element-populated\">\n\t\t\t\t\t\t<div class=\"elementor-element elementor-element-4ccfe64 elementor-widget elementor-widget-mo-heading-fancy mo-el-has-inner-anim\" data-id=\"4ccfe64\" data-element_type=\"widget\" data-settings=\"{&quot;enable_split&quot;:&quot;true&quot;,&quot;split_type&quot;:&quot;lines&quot;}\" data-widget_type=\"mo-heading-fancy.default\">\n\t\t\t\t<div class=\"elementor-widget-container\">\n\t\t\t\t\t<div class=\"mo-element-mo-heading-fancy mo-element\"><div id=\"mo-heading-fancy-69e73ad527a58\" class=\"mo-heading-fancy\">\n      <h3 class=\"mo-element elementor-heading-title mo-highlight-classic mo-split-lines\"  data-ca-options='{\"triggerHandler\":\"inview\",\"animationTarget\":\".split-inner\",\"duration\":\"1200\",\"startDelay\":\"35\",\"delay\":\"120\",\"easing\":\"easeInQuad\",\"direction\":\"forward\",\"initValues\":{\"translateY\":16,\"opacity\":0},\"animations\":{\"translateY\":0,\"opacity\":1}}' data-split-text=\"true\" data-custom-animations=\"true\" data-fittext=\"true\" data-text-rotator=\"true\"> necesitas asesoria? estos son nuestros contactos directos.\n <\/h3><\/div><\/div>\t\t\t\t<\/div>\n\t\t\t\t<\/div>\n\t\t\t\t<div class=\"elementor-element elementor-element-67552df sm-heading-fancy elementor-widget elementor-widget-mo-heading-fancy\" data-id=\"67552df\" data-element_type=\"widget\" data-widget_type=\"mo-heading-fancy.default\">\n\t\t\t\t<div class=\"elementor-widget-container\">\n\t\t\t\t\t<div class=\"mo-element-mo-heading-fancy mo-element\"><div id=\"mo-heading-fancy-69e73ad527fb7\" class=\"mo-heading-fancy\">\n      <\/div><\/div>\t\t\t\t<\/div>\n\t\t\t\t<\/div>\n\t\t\t\t<section class=\"elementor-section elementor-inner-section elementor-element elementor-element-90e3017 elementor-section-boxed elementor-section-height-default elementor-section-height-default\" data-id=\"90e3017\" data-element_type=\"section\">\n\t\t\t\t\t\t<div class=\"elementor-container elementor-column-gap-default\">\n\t\t\t\t\t<div class=\"elementor-column elementor-col-100 elementor-inner-column elementor-element elementor-element-69269b3\" data-id=\"69269b3\" data-element_type=\"column\">\n\t\t\t<div class=\"elementor-widget-wrap elementor-element-populated\">\n\t\t\t\t\t\t<div class=\"elementor-element elementor-element-d6ebca5 elementor-widget elementor-widget-mo-button\" data-id=\"d6ebca5\" data-element_type=\"widget\" data-widget_type=\"mo-button.default\">\n\t\t\t\t<div class=\"elementor-widget-container\">\n\t\t\t\t\t<div class=\"mo-element-mo-button mo-element\"><div class=\"text-center\">\n\t<a class=\"button btn-solid medium button_none btn_icon_position_left text_center scaleup btn-txt- bg_primary bg_hr_light light hr_dark outline_dark outline_hr_primary rounded\"  href=\"https:\/\/cmtm.com.mx\/index.php\/contacto\/\"   style=\"border-width:; border-radius:4px\">\n\t\t<span class=\"mo_module_button__container\">\n\t\t\t<span class=\"mo_module_button__cover front\"><span class=\"mo_btn_text front\">Cont\u00e1ctanos<\/span><\/span>\n\t\t\t\t\t\t\t\t<\/span>\n\t<\/a>\n<\/div><\/div>\t\t\t\t<\/div>\n\t\t\t\t<\/div>\n\t\t\t\t\t<\/div>\n\t\t<\/div>\n\t\t\t\t\t<\/div>\n\t\t<\/section>\n\t\t\t\t\t<\/div>\n\t\t<\/div>\n\t\t\t\t\t<\/div>\n\t\t<\/section>\n\t\t\t\t<\/div>\n\t\t","protected":false},"excerpt":{"rendered":"<p>Nuestra fuerza radica en la gran Sinergia y compromiso que tenemos en nuestro equipo de trabajo. Dr. en Der. Vicente Calvario. Secretario General de la Confederaci\u00f3n Multinacional de Trabajadores de M\u00e9xico. Secretario General del sindicato Nacional de la Industria de la Construcci\u00f3n. Egresado de la UNAM. Con m\u00e1s de 40 a\u00f1os de experiencia en Conflictos [&hellip;]<\/p>\n","protected":false},"author":1,"featured_media":0,"parent":0,"menu_order":0,"comment_status":"closed","ping_status":"closed","template":"","meta":{"footnotes":""},"class_list":["post-455","page","type-page","status-publish","hentry"],"aioseo_notices":[],"_links":{"self":[{"href":"https:\/\/cmtm.com.mx\/index.php\/wp-json\/wp\/v2\/pages\/455","targetHints":{"allow":["GET"]}}],"collection":[{"href":"https:\/\/cmtm.com.mx\/index.php\/wp-json\/wp\/v2\/pages"}],"about":[{"href":"https:\/\/cmtm.com.mx\/index.php\/wp-json\/wp\/v2\/types\/page"}],"author":[{"embeddable":true,"href":"https:\/\/cmtm.com.mx\/index.php\/wp-json\/wp\/v2\/users\/1"}],"replies":[{"embeddable":true,"href":"https:\/\/cmtm.com.mx\/index.php\/wp-json\/wp\/v2\/comments?post=455"}],"version-history":[{"count":17,"href":"https:\/\/cmtm.com.mx\/index.php\/wp-json\/wp\/v2\/pages\/455\/revisions"}],"predecessor-version":[{"id":9648,"href":"https:\/\/cmtm.com.mx\/index.php\/wp-json\/wp\/v2\/pages\/455\/revisions\/9648"}],"wp:attachment":[{"href":"https:\/\/cmtm.com.mx\/index.php\/wp-json\/wp\/v2\/media?parent=455"}],"curies":[{"name":"wp","href":"https:\/\/api.w.org\/{rel}","templated":true}]}}